ainder when 870 is divided by 38.
34
Calculate the remainder when 31553 is divided by 7653.
941
What is the remainder when 28499 is divided by 12?
11
What is the remainder when 207779 is divided by 96?
35
Calculate the remainder when 4737 is divided by 480.
417
Calculate the remainder when 53521 is divided by 3315.
481
What is the remainder when 2319 is divided by 153?
24
What is the remainder when 977 is divided by 237?
29
Calculate the remainder when 50053 is divided by 1564.
5
Calculate the remainder when 901 is divided by 57.
46
What is the remainder when 507153 is divided by 61?
60
Calculate the remainder when 10454329 is divided by 1634.
1631
Calculate the remainder when 139692 is divided by 2217.
21
What is the remainder when 25437 is divided by 2278?
379
Calculate the remainder when 199510 is divided by 8.
6
What is the remainder when 60505 is divided by 496?
489
What is the remainder when 42012 is divided by 99?
36
Calculate the remainder when 8095 is divided by 52.
35
Calculate the remainder when 358 is divided by 311.
47
What is the remainder when 19611 is divided by 3228?
243
Calculate the remainder when 64827 is divided by 2818.
13
Calculate the remainder when 288168 is divided by 16.
8
What is the remainder when 1986120 is divided by 53?
51
Calculate the remainder when 563 is divided by 549.
14
Calculate the remainder when 15468 is divided by 67.
58
Calculate the remainder when 2538 is divided by 108.
54
Calculate the remainder when 83250 is divided by 27716.
102
What is the remainder when 626139 is divided by 10?
9
What is the remainder when 13293 is divided by 487?
144
What is the remainder when 8063 is divided by 73?
33
What is the remainder when 7207 is divided by 172?
155
Calculate the remainder when 31936 is divided by 4560.
16
What is the remainder when 993792 is divided by 21?
9
Calculate the remainder when 54726 is divided by 165.
111
Calculate the remainder when 9059 is divided by 28.
15
What is the remainder when 2877 is divided by 510?
327
Calculate the remainder when 79108 is divided by 531.
520
What is the remainder when 3279 is divided by 819?
3
Calculate the remainder when 3047 is divided by 839.
530
Calculate the remainder when 168758 is divided by 7336.
30
Calculate the remainder when 8394 is divided by 560.
554
What is the remainder when 3101570 is divided by 14?
10
What is the remainder when 9609 is divided by 29?
10
What is the remainder when 172997 is divided by 422?
399
Calculate the remainder when 30361 is divided by 10084.
109
Calculate the remainder when 136269 is divided by 136257.
12
Calculate the remainder when 137160 is divided by 27427.
25
What is the remainder when 101162 is divided by 14450?
12
Calculate the remainder when 12940 is divided by 4270.
130
What is the remainder when 117754 is divided by 92?
86
Calculate the remainder when 33565 is divided by 803.
642
Calculate the remainder when 3087 is divided by 157.
104
What is the remainder when 1882 is divided by 277?
220
What is the remainder when 533083 is divided by 105?
103
What is the remainder when 1062 is divided by 619?
443
What is the remainder when 12785 is divided by 14?
3
Calculate the remainder when 63401 is divided by 893.
891
Calculate the remainder when 4916 is divided by 505.
371
Calculate the remainder when 324346 is divided by 369.
364
Calculate the remainder when 93450 is divided by 61.
59
Calculate the remainder when 216844 is divided by 1527.
10
Calculate the remainder when 71104 is divided by 211.
208
Calculate the remainder when 1038133 is divided by 517.
514
Calculate the remainder when 59791 is divided by 178.
161
Calculate the remainder when 353 is divided by 163.
27
What is the remainder when 167624 is divided by 83800?
24
Calculate the remainder when 1005391 is divided by 23.
15
Calculate the remainder when 8567 is divided by 1825.
1267
What is the remainder when 1019358 is divided by 11?
10
Calculate the remainder when 894357 is divided by 696.
693
Calculate the remainder when 207442 is divided by 457.
421
Calculate the remainder when 317296 is divided by 47.
46
Calculate the remainder when 1282 is divided by 622.
38
What is the remainder when 2207 is divided by 46?
45
Calculate the remainder when 46898 is divided by 182.
124
What is the remainder when 12238 is divided by 141?
112
What is the remainder when 230272 is divided by 33?
31
What is the remainder when 124656 is divided by 11332?
4
Calculate the remainder when 267 is divided by 168.
99
What is the remainder when 8744 is divided by 153?
23
Calculate the remainder when 3093 is divided by 1431.
231
Calculate the remainder when 9538 is divided by 9450.
88
Calculate the remainder when 8068 is divided by 2665.
73
What is the remainder when 14810 is divided by 239?
231
What is the remainder when 17207 is divided by 8?
7
What is the remainder when 86753 is divided by 274?
169
What is the remainder when 107196 is divided by 800?
796
Calculate the remainder when 6199 is divided by 566.
539
What is the remainder when 20451 is divided by 1572?
15
Calculate the remainder when 583 is divided by 30.
13
Calculate the remainder when 2231 is divided by 26.
21
Calculate the remainder when 3024 is divided by 478.
156
What is the remainder when 136424 is divided by 87?
8
What is the remainder when 147657 is divided by 108?
21
Calculate the remainder when 18414 is divided by 1708.
1334
Calculate the remainder when 28655 is divided by 597.
596
What is the remainder when 10223 is divided by 1022?
3
Calculate the remainder when 28324 is divided by 14151.
22
What is the remainder when 13854 is divided by 171?
3
Calculate the remainder when 12703 is divided by 6227.
249
Calculate the remainder when 30536 is divided by 111.
11
What is the remainder when 5514 is divided by 97?
82
What is the remainder when 6162 is divided by 1027?
0
Calculate the remainder when 19287 is divided by 2410.
7
What is the remainder when 15385 is divided by 3831?
61
What is the remainder when 97016 is divided by 588?
584
Calculate the remainder when 3803194 is divided by 59.
54
What is the remainder when 16809 is divided by 4131?
285
What is the remainder when 11173 is divided by 11164?
9
What is the remainder when 432 is divided by 105?
12
What is the remainder when 397240 is divided by 132397?
49
Calculate the remainder when 201585 is divided by 84.
69
What is the remainder when 39099 is divided by 64?
59
What is the remainder when 81534 is divided by 1430?
24
What is the remainder when 81089 is divided by 679?
288
What is the remainder when 148047 is divided by 1113?
18
What is the remainder when 2290 is divided by 413?
225
Calculate the remainder when 11869 is divided by 1079.
0
Calculate the remainder when 5912 is divided by 246.
8
What is the remainder when 34999 is divided by 493?
489
Calculate the remainder when 2753 is divided by 125.
3
What is the remainder when 703514 is divided by 32?
26
What is the remainder when 18233 is divided by 1633?
270
What is the remainder when 2295 is divided by 554?
79
Calculate the remainder when 152316 is divided by 11715.
21
Calculate the remainder when 1891 is divided by 169.
32
Calculate the remainder when 654536 is divided by 218174.
14
Calculate the remainder when 629239 is divided by 411.
409
Calculate the remainder when 8425 is divided by 406.
305
What is the remainder when 3117507 is divided by 1551?
1548
Calculate the remainder when 12523 is divided by 4169.
16
What is the remainder when 14251 is divided by 118?
91
Calculate the remainder when 116511 is divided by 176.
175
Calculate the remainder when 79 is divided by 63.
16
Calculate the remainder when 35994 is divided by 902.
816
Calculate the remainder when 29812 is divided by 1753.
11
What is the remainder when 30813 is divided by 20?
13
Calculate the remainder when 5714 is divided by 624.
98
What is the remainder when 27521 is divided by 2269?
293
What is the remainder when 145874 is divided by 25?
24
Calculate the remainder when 4120 is divided by 462.
424
Calculate the remainder when 25434 is divided by 1114.
926
Calculate the remainder when 8233 is divided by 1730.
1313
What is the remainder when 181424 is divided by 216?
200
What is the remainder when 15808 is divided by 259?
9
What is the remai